In base 10, what is -36422 - 2?
-36424
In base 2, what is 110011000101011 + 10?
110011000101101
In base 11, what is 7 + -102667?
-102660
In base 3, what is 1000121202 - 211?
1000120221
In base 14, what is -12cd + -40?
-132d
In base 2, what is 0 - 1010110111111?
-1010110111111
In base 4, what is 223231 + -12?
223213
In base 16, what is 5c7ba - 3?
5c7b7
In base 11, what is 3 + 48471?
48474
In base 16, what is 0 + 13728?
13728
In base 8, what is -5 - -57752?
57745
In base 3, what is 22 - 11012221?
-11012122
In base 16, what is 143e + 4?
1442
In base 16, what is -11d + 40c?
2ef
In base 6, what is 535511 - 4?
535503
In base 4, what is 122 - -1131121?
1131303
In base 10, what is -158 - 3150?
-3308
In base 16, what is -5 + -143c?
-1441
In base 9, what is -1 - -27633?
27632
In base 4, what is 1 - -30102030?
30102031
In base 10, what is 14941 + -256?
14685
In base 3, what is 2 - 11102122220?
-11102122211
In base 11, what is -1 - -60016?
60015
In base 8, what is 1604 - -240?
2044
In base 14, what is 19d325 + 5?
19d32a
In base 13, what is 9bb + 1009?
19c7
In base 8, what is 161 + -5270?
-5107
In base 5, what is -10241143 - -10?
-10241133
In base 16, what is -21fb - 2c?
-2227
In base 7, what is -1114453 - -3?
-1114450
In base 15, what is -77 + -d64?
-ddb
In base 9, what is 6 - 51006?
-51000
In base 15, what is 1 - -1916?
1917
In base 5, what is 0 - 41110?
-41110
In base 14, what is 6c31 + 2?
6c33
In base 9, what is 780 - 15?
764
In base 12, what is -3045 - 83?
-3108
In base 12, what is 4 - 2267b5?
-2267b1
In base 16, what is 5 + 19cd26?
19cd2b
In base 9, what is -2 + -557234?
-557236
In base 5, what is 12244444 - 0?
12244444
In base 4, what is -1001033 - 110?
-1001203
In base 4, what is 100 + -310210?
-310110
In base 2, what is -1011011011 + -1010011110?
-10101111001
In base 16, what is -16 + edc?
ec6
In base 10, what is 1 - -655696?
655697
In base 10, what is 231 + 47?
278
In base 6, what is 1110 - -21?
1131
In base 15, what is 24cb - 18?
24b3
In base 4, what is -13311 + 12012?
-1233
In base 14, what is 4 - 2dc689?
-2dc685
In base 12, what is -1748 + -436?
-1b82
In base 13, what is 37 - 19bc?
-1985
In base 13, what is 52 + -2033a?
-202b8
In base 3, what is 22 - 1221202210220?
-1221202210121
In base 4, what is 2220223131 - 11?
2220223120
In base 3, what is 10001 + -11201210?
-11121202
In base 7, what is -203434 - -156?
-203245
In base 12, what is 23 - 1362?
-133b
In base 14, what is 4 - 160d?
-1609
In base 9, what is -317 - -10887?
10570
In base 10, what is -3930 + 17?
-3913
In base 13, what is 7 - -c4347?
c4351
In base 13, what is -baab + 3?
-baa8
In base 8, what is 54245 - -5?
54252
In base 6, what is -4014 + 123?
-3451
In base 6, what is -101401 + -1551?
-103352
In base 13, what is 164 + -3c2?
-25b
In base 12, what is 5 + 24472?
24477
In base 2, what is -1 + 10011010111111?
10011010111110
In base 7, what is -11 + 31325?
31314
In base 6, what is -14544343 - 4?
-14544351
In base 3, what is -11 + 10200011?
10200000
In base 13, what is 4 + -c27c6?
-c27c2
In base 10, what is 4 - -116608?
116612
In base 12, what is 27456 + 1?
27457
In base 2, what is -1011011100 - -101010?
-1010110010
In base 13, what is b316 + 2?
b318
In base 2, what is 100110 + 1011100001011?
1011100110001
In base 11, what is 8a72 + -19?
8a54
In base 11, what is -630235 + -3?
-630238
In base 12, what is 14 - 170?
-158
In base 16, what is 1b + a05?
a20
In base 7, what is 3 + 26153?
26156
In base 4, what is 1 - 132222113?
-132222112
In base 3, what is -12222022 + -2?
-12222101
In base 12, what is -3669b + 2?
-36699
In base 15, what is -2 + 256d?
256b
In base 11, what is 1 + 3640a?
36410
In base 11, what is 1 - 11810?
-1180a
In base 9, what is 186183 - -6?
186200
In base 3, what is 0 + -1101001010?
-1101001010
In base 7, what is 141250 - -5?
141255
In base 10, what is 5 + -3668?
-3663
In base 16, what is 696 - 20?
676
In base 2, what is -1001000100001 + 1?
-1001000100000
In base 12, what is -50 - 6648?
-6698
In base 16, what is -6 + -20f4?
-20fa
In base 14, what is d56b8 + 3?
d56bb
In base 13, what is 117 - -1a62?
1b79
In base 5, what is 102 + 1301014?
1301121
In base 8, what is -31 + 15626?
15575
In base 3, what is 201220012 - 2?
201220010
In base 4, what is -11 - 203230?
-203301
In base 12, what is 654 - 832?
-19a
In base 3, what is -1121202210000 - -21?
-1121202202202
In base 9, what is -10 + -65740?
-65750
In base 4, what is 30102220 + -1?
30102213
In base 9, what is -5 - -170827?
170822
In base 16, what is -2 + c0e66?
c0e64
In base 4, what is 22012121 - 210?
22011311
In base 12, what is 277 - -4?
27b
In base 13, what is -163 - -444?
2b1
In base 8, what is 34472 + 1?
34473
In base 10, what is -152 - -134?
-18
In base 3, what is 221 + -2212?
-1221
In base 4, what is -2013 - -11232?
3213
In base 14, what is -50573 + 0?
-50573
In base 6, what is -142425 + -100?
-142525
In base 8, what is 5 + 45056?
45063
In base 2, what is 11000 - 1011100001?
-1011001001
In base 2, what is 1101000110010110011 + 11?
1101000110010110110
In base 7, what is 4 - -1543553?
1543560
In base 8, what is -1676 - 4074?
-5772
In base 10, what is 136708 + 0?
136708
In base 13, what is 3bc2 - 1a?
3ba5
In base 5, what is -22 + -12223221?
-12223243
In base 12, what is 17 + -35a28?
-35a11
In base 10, what is -621 + -830?
-1451
In base 6, what is 540 + 1353?
2333
In base 11, what is 19a + 94?
283
In base 7, what is 114 - -221364?
221511
In base 5, what is 1014 + 13142?
14211
In base 10, what is -42193 + -1?
-42194
In base 13, what is 131 - 437?
-306
In base 11, what is 6 - 383?
-378
In base 6, what is -52105325 + 2?
-52105323
In base 5, what is 40 + 10112301?
10112341
In base 13, what is -1 + -14b5?
-14b6
In base 3, what is -2 - -10200121020101?
10200121020022
In base 10, what is -105 + -15909?
-16014
In base 14, what is 6d7 - -15?
70c
In base 6, what is -11 + -1453?
-1504
In base 16, what is -6287b - 7?
-62882
In base 14, what is 339 - 41d?
-c4
In base 12, what is 50a - 12?
4b8
In base 2, what is -1110 - -11001100?
10111110
In base 3, what is -10002 + -1212101?
-1222110
In base 15, what is -1d3 - 224?
-407
In base 10, what is -1634 - -238?
-1396
In base 2, what is -11100101 + 1100100?
-10000001
In base 6, what is -35 + -541?
-1020
In base 10, what is 1635801 - -2?
1635803
In base 5, what is 432301 + 11?
432312
In base 11, what is 1a239 - 14?
1a225
In base 15, what is 1365 + 3?
1368
In base 11, what is 0 + -16758?
-16758
In base 12, what is 918 + -52b?
3a9
In base 16, what is -5 + -28d6f?
-28d74
In base 3, what is 10120 - -211222011?
212002201
In base 2, what is -1 - 10001111110111111?
-10001111111000000
In base 6, what is -5 - -144342?
144333
In base 16, what is -4 - -1c40?
1c3c
In base 12, what is -30b601 + -2?
-30b603
In base 9, what is -38778 - -5?
-38773
In base 16, what is 3f + 4b?
8a
In base 2, what is 10101010001 - 10100100000?
110001
In base 12, what is 3033 - -33?
3066
In base 15, what is 17dea + -8?
17de2
In base 8, what is -5 - 221540?
-221545
In base 8, what is 66427 - 2?
66425
In base 3, what is -21201 - 10122?
-102100
In base 15, what is -86 + 11?
-75
In base 6, what is 343012 - 3?
343005
In base 15, what is 3 + 312?
315
In base 3, what is -211121 - -1221211?
1010020
In base 3, what is 121012110 - 0?
121012110
In base 12, what is 12 + 1566?
1578
In base 9, what is -13058 + -115?
-13174
In base 9, what is -10 - 1627478?
-1627488
In base 12, what is 6695 - 1?
6694
In base 3, what is 1102112220 - 0?
1102112220
In base 6, what is 212 + 1242?
1454
In base 14, what is -1 - -127b?
127a
In base 11, what is 57 + 10126?
10182
In base 16, what is -47b82 + 1?
-47b81
In base 7, what is 1 - 42504?
-42503
In base 13, what is 4 + -1423b?
-14237
In base 3, what is -10 + 22201211101?
22201211021
In base 8, what is 142702 - -3?
142705
In base 3, what is 0 + 122101220?
122101220
In base 4, what is -10 + -2112330322?
-2112330332
In base 14, what is -720 + -29?
-749
In base 12, what is a0 - 115a7?
-11507
In base 14, what is 112 - -1477?
1589
In base 10, what is -5 - 1054829?
-1054834
In base 7, what is 12 - -330340?
330352
In base 10, what is -207 + -1249?
-1456
In base 8, what is -440 + -1515?
-2155
In base 7, what is 156306 - 43?
156233
In base 15, what is 4 - -1532d?
15332
In base 5, what is 43213104 + -2?
43213102
In base 6,